{"id":30553,"date":"2026-04-27T01:58:35","date_gmt":"2026-04-27T01:58:35","guid":{"rendered":"https:\/\/oladeco.sn\/index.php\/product\/diffuseur-pignon-blanc\/"},"modified":"2026-04-27T01:58:38","modified_gmt":"2026-04-27T01:58:38","slug":"diffuseur-pignon-blanc","status":"publish","type":"product","link":"https:\/\/oladeco.sn\/index.php\/product\/diffuseur-pignon-blanc\/","title":{"rendered":"Diffuseur pignon blanc"},"content":{"rendered":"<p><span style=\"font-family\">Un appareil moderne utilisant l&rsquo;\u00e9lectricit\u00e9 pour lib\u00e9rer des senteurs de mani\u00e8re homog\u00e8ne et continue, cr\u00e9ant une ambiance parfum\u00e9e<\/span><span class=\"uJ19be notranslate\" data-sfc-root=\"c\" data-wiz-uids=\"Fu2kFb_d,Fu2kFb_e\" data-sfc-cb=\"\" data-processed=\"true\" style=\"font-family\"><span class=\"vKEkVd\" data-animation-atomic=\"\" data-wiz-attrbind=\"class=Fu2kFb_c\/TKHnVd\" data-processed=\"true\" style=\"position: relative;white-space: nowrap;--btn-bg-color: var(--aYn2S);--btn-bg-color-hover: var(--Lm570b);--attr-text-color: var(--IXoxUe);--attr-link-color: var(--YLNNHc);--DEeStf: #2c2e35;--TSWZIb: #363840;--BRLwE: #42444d;--xhUGwc: #22242a;--XKMDxc: #2c2e35;--aYn2S: #363840;--Lm570b: #42444d;--CwQ7J: #17181f;--jINu6c: #e6e8f0;--uLz37c: #adafb8;--YLNNHc: #e6e8f0;--IXoxUe: #adafb8;--bbQxAb: #e6e8f0;--TMYS9: #e6e8f0;--mXZkqc: #363840;--gS5jXb: #363840;--amnPwe: #adafb8;--Nsm0ce: #0b50d0;--EpFNW: #fff;--jwFC2e: #223a94;--XPCkhb: #90e58c;--baJkQc: #ff878f\"><span aria-hidden=\"true\" data-processed=\"true\">&nbsp;<\/span><\/span><\/span><\/p>\n<p>Mod\u00e8le: Electrique avec cable<\/p>\n<p>Couleur : blanc<\/p>\n","protected":false},"excerpt":{"rendered":"<p>Un appareil moderne utilisant l&rsquo;\u00e9lectricit\u00e9 pour lib\u00e9rer des senteurs de mani\u00e8re homog\u00e8ne et continue, cr\u00e9ant une ambiance parfum\u00e9e&nbsp; Mod\u00e8le: Electrique<\/p>\n","protected":false},"featured_media":30552,"template":"","meta":[],"product_brand":[],"product_cat":[108],"product_tag":[],"class_list":{"0":"post-30553","1":"product","2":"type-product","3":"status-publish","4":"has-post-thumbnail","6":"product_cat-accessoires","8":"first","9":"instock","10":"shipping-taxable","11":"purchasable","12":"product-type-simple"},"_links":{"self":[{"href":"https:\/\/oladeco.sn\/index.php\/wp-json\/wp\/v2\/product\/30553","targetHints":{"allow":["GET"]}}],"collection":[{"href":"https:\/\/oladeco.sn\/index.php\/wp-json\/wp\/v2\/product"}],"about":[{"href":"https:\/\/oladeco.sn\/index.php\/wp-json\/wp\/v2\/types\/product"}],"version-history":[{"count":0,"href":"https:\/\/oladeco.sn\/index.php\/wp-json\/wp\/v2\/product\/30553\/revisions"}],"wp:featuredmedia":[{"embeddable":true,"href":"https:\/\/oladeco.sn\/index.php\/wp-json\/wp\/v2\/media\/30552"}],"wp:attachment":[{"href":"https:\/\/oladeco.sn\/index.php\/wp-json\/wp\/v2\/media?parent=30553"}],"wp:term":[{"taxonomy":"product_brand","embeddable":true,"href":"https:\/\/oladeco.sn\/index.php\/wp-json\/wp\/v2\/product_brand?post=30553"},{"taxonomy":"product_cat","embeddable":true,"href":"https:\/\/oladeco.sn\/index.php\/wp-json\/wp\/v2\/product_cat?post=30553"},{"taxonomy":"product_tag","embeddable":true,"href":"https:\/\/oladeco.sn\/index.php\/wp-json\/wp\/v2\/product_tag?post=30553"}],"curies":[{"name":"wp","href":"https:\/\/api.w.org\/{rel}","templated":true}]}}