{"id":30529,"date":"2026-04-26T20:28:19","date_gmt":"2026-04-26T20:28:19","guid":{"rendered":"https:\/\/oladeco.sn\/index.php\/product\/meuble-de-rangement-darly\/"},"modified":"2026-04-26T20:28:22","modified_gmt":"2026-04-26T20:28:22","slug":"meuble-de-rangement-darly","status":"publish","type":"product","link":"https:\/\/oladeco.sn\/index.php\/product\/meuble-de-rangement-darly\/","title":{"rendered":"Meuble de rangement darly"},"content":{"rendered":"<p><mark class=\"HxTRcb\" data-sfc-root=\"c\" data-sfc-cb=\"\" data-processed=\"true\" style=\"color:var(--jINu6c);border-radius:4px;background-image;background-position-x;background-position-y;background-size:200% 100%;background-repeat;background-attachment;background-origin;background-clip;background-color;padding:0px 2px;font-weight:500;font-family\">Un \u00e9l\u00e9ment de mobilier con\u00e7u pour organiser, stocker et dissimuler des objets du quotidien<\/mark><span style=\"font-family\"><span class=\"Apple-converted-space\">&nbsp;<\/span><\/span><\/p>\n<p>Mettre<span style=\"font-family\"><span class=\"Apple-converted-space\"> <\/span><\/span>sur <span style=\"font-family\"><span class=\"Apple-converted-space\">vos coins ou couloirs <\/span><\/span><\/p>\n<p>Couleur : Noir<\/p>\n<p>Mati\u00e8re : Bois et verre teint\u00e9 Noir<\/p>\n","protected":false},"excerpt":{"rendered":"<p>Un \u00e9l\u00e9ment de mobilier con\u00e7u pour organiser, stocker et dissimuler des objets du quotidien&nbsp; Mettre sur vos coins ou couloirs<\/p>\n","protected":false},"featured_media":30528,"template":"","meta":[],"product_brand":[],"product_cat":[76],"product_tag":[],"class_list":{"0":"post-30529","1":"product","2":"type-product","3":"status-publish","4":"has-post-thumbnail","6":"product_cat-meubles","8":"first","9":"instock","10":"shipping-taxable","11":"purchasable","12":"product-type-simple"},"_links":{"self":[{"href":"https:\/\/oladeco.sn\/index.php\/wp-json\/wp\/v2\/product\/30529","targetHints":{"allow":["GET"]}}],"collection":[{"href":"https:\/\/oladeco.sn\/index.php\/wp-json\/wp\/v2\/product"}],"about":[{"href":"https:\/\/oladeco.sn\/index.php\/wp-json\/wp\/v2\/types\/product"}],"version-history":[{"count":0,"href":"https:\/\/oladeco.sn\/index.php\/wp-json\/wp\/v2\/product\/30529\/revisions"}],"wp:featuredmedia":[{"embeddable":true,"href":"https:\/\/oladeco.sn\/index.php\/wp-json\/wp\/v2\/media\/30528"}],"wp:attachment":[{"href":"https:\/\/oladeco.sn\/index.php\/wp-json\/wp\/v2\/media?parent=30529"}],"wp:term":[{"taxonomy":"product_brand","embeddable":true,"href":"https:\/\/oladeco.sn\/index.php\/wp-json\/wp\/v2\/product_brand?post=30529"},{"taxonomy":"product_cat","embeddable":true,"href":"https:\/\/oladeco.sn\/index.php\/wp-json\/wp\/v2\/product_cat?post=30529"},{"taxonomy":"product_tag","embeddable":true,"href":"https:\/\/oladeco.sn\/index.php\/wp-json\/wp\/v2\/product_tag?post=30529"}],"curies":[{"name":"wp","href":"https:\/\/api.w.org\/{rel}","templated":true}]}}