{"id":30447,"date":"2026-04-25T02:52:02","date_gmt":"2026-04-25T02:52:02","guid":{"rendered":"https:\/\/oladeco.sn\/index.php\/product\/bougie-bbworks-227-g-leather-brandy\/"},"modified":"2026-04-26T19:37:03","modified_gmt":"2026-04-26T19:37:03","slug":"bougie-bbworks-227-g-leather-brandy","status":"publish","type":"product","link":"https:\/\/oladeco.sn\/index.php\/product\/bougie-bbworks-227-g-leather-brandy\/","title":{"rendered":"Bougie B&amp;Bworks 227 g leather Brandy"},"content":{"rendered":"<p>Bougie Bath and body works<\/p>\n<p>227g<\/p>\n<p>1 m\u00e8che<\/p>\n<p>25 -45 heures de diffusion de parfum<\/p>\n<pre class=\"tw-data-text tw-text-large JgzqYd RES9jf tw-ta\" data-placeholder=\"Traduction\" id=\"tw-target-text\" role=\"text\" data-ved=\"2ahUKEwjzqJzn_YeUAxVJAvsDHR_JKWYQ3ewLegQIDBAY\" dir=\"ltr\" aria-label=\"Texte traduit\u00a0: Profil de parfum\u00a0: Pr\u00e9sente un m\u00e9lange aromatique de cuir chaud, de bois ambr\u00e9s et de cognac vieilli, offrant une ambiance audacieuse et invitante qui rappelle la d\u00e9tente dans un fauteuil confortable avec une boisson classique.\" style=\"font-family: inherit;font-size: var(--Ia70Xd);line-height: 28px;background-color: transparent;border: medium;padding: 10px 0.14em 10px 0px;position: relative;margin: -10px 0px;overflow: hidden;text-align: left;width: 398px;white-space: pre-wrap;font-style: normal;font-weight: 400;letter-spacing: normal;text-indent: 0px;text-transform: none\"><span class=\"Y2IQFc\" lang=\"fr\">Pr\u00e9sente un m\u00e9lange aromatique de cuir chaud, de bois ambr\u00e9s et de cognac vieilli, offrant une ambiance audacieuse et invitante qui rappelle la d\u00e9tente dans un fauteuil confortable avec une boisson classique.<\/span><\/pre>\n","protected":false},"excerpt":{"rendered":"<p>Bougie Bath and body works 227g 1 m\u00e8che 25 -45 heures de diffusion de parfum Pr\u00e9sente un m\u00e9lange aromatique de<\/p>\n","protected":false},"featured_media":30445,"template":"","meta":[],"product_brand":[],"product_cat":[109],"product_tag":[],"class_list":{"0":"post-30447","1":"product","2":"type-product","3":"status-publish","4":"has-post-thumbnail","6":"product_cat-senteurs","8":"first","9":"instock","10":"shipping-taxable","11":"purchasable","12":"product-type-simple"},"_links":{"self":[{"href":"https:\/\/oladeco.sn\/index.php\/wp-json\/wp\/v2\/product\/30447","targetHints":{"allow":["GET"]}}],"collection":[{"href":"https:\/\/oladeco.sn\/index.php\/wp-json\/wp\/v2\/product"}],"about":[{"href":"https:\/\/oladeco.sn\/index.php\/wp-json\/wp\/v2\/types\/product"}],"version-history":[{"count":1,"href":"https:\/\/oladeco.sn\/index.php\/wp-json\/wp\/v2\/product\/30447\/revisions"}],"predecessor-version":[{"id":30519,"href":"https:\/\/oladeco.sn\/index.php\/wp-json\/wp\/v2\/product\/30447\/revisions\/30519"}],"wp:featuredmedia":[{"embeddable":true,"href":"https:\/\/oladeco.sn\/index.php\/wp-json\/wp\/v2\/media\/30445"}],"wp:attachment":[{"href":"https:\/\/oladeco.sn\/index.php\/wp-json\/wp\/v2\/media?parent=30447"}],"wp:term":[{"taxonomy":"product_brand","embeddable":true,"href":"https:\/\/oladeco.sn\/index.php\/wp-json\/wp\/v2\/product_brand?post=30447"},{"taxonomy":"product_cat","embeddable":true,"href":"https:\/\/oladeco.sn\/index.php\/wp-json\/wp\/v2\/product_cat?post=30447"},{"taxonomy":"product_tag","embeddable":true,"href":"https:\/\/oladeco.sn\/index.php\/wp-json\/wp\/v2\/product_tag?post=30447"}],"curies":[{"name":"wp","href":"https:\/\/api.w.org\/{rel}","templated":true}]}}