{"id":30444,"date":"2026-04-25T02:42:03","date_gmt":"2026-04-25T02:42:03","guid":{"rendered":"https:\/\/oladeco.sn\/index.php\/product\/bougie-bbworks-sunshine\/"},"modified":"2026-04-26T19:39:29","modified_gmt":"2026-04-26T19:39:29","slug":"bougie-bbworks-sunshine","status":"publish","type":"product","link":"https:\/\/oladeco.sn\/index.php\/product\/bougie-bbworks-sunshine\/","title":{"rendered":"Bougie B&amp;BWorks Sunshine"},"content":{"rendered":"<p>Bougie Bath and body works<\/p>\n<p>Sunshine and Daffodils<\/p>\n<p>3 m\u00e8ches de qualit\u00e9 sup\u00e9rieure sans plomb<\/p>\n<p>45 heures de diffusion<\/p>\n<p>note de parfum:<\/p>\n<p><span style=\"font-family: -apple-system, BlinkMacSystemFont,\">senteurs fruit\u00e9es et fra\u00eeches, parfaites pour les beaux jours.<\/span><\/p>\n","protected":false},"excerpt":{"rendered":"<p>Bougie Bath and body works Sunshine and Daffodils 3 m\u00e8ches de qualit\u00e9 sup\u00e9rieure sans plomb 45 heures de diffusion note<\/p>\n","protected":false},"featured_media":30443,"template":"","meta":[],"product_brand":[],"product_cat":[109],"product_tag":[],"class_list":{"0":"post-30444","1":"product","2":"type-product","3":"status-publish","4":"has-post-thumbnail","6":"product_cat-senteurs","8":"first","9":"instock","10":"shipping-taxable","11":"purchasable","12":"product-type-simple"},"_links":{"self":[{"href":"https:\/\/oladeco.sn\/index.php\/wp-json\/wp\/v2\/product\/30444","targetHints":{"allow":["GET"]}}],"collection":[{"href":"https:\/\/oladeco.sn\/index.php\/wp-json\/wp\/v2\/product"}],"about":[{"href":"https:\/\/oladeco.sn\/index.php\/wp-json\/wp\/v2\/types\/product"}],"version-history":[{"count":1,"href":"https:\/\/oladeco.sn\/index.php\/wp-json\/wp\/v2\/product\/30444\/revisions"}],"predecessor-version":[{"id":30523,"href":"https:\/\/oladeco.sn\/index.php\/wp-json\/wp\/v2\/product\/30444\/revisions\/30523"}],"wp:featuredmedia":[{"embeddable":true,"href":"https:\/\/oladeco.sn\/index.php\/wp-json\/wp\/v2\/media\/30443"}],"wp:attachment":[{"href":"https:\/\/oladeco.sn\/index.php\/wp-json\/wp\/v2\/media?parent=30444"}],"wp:term":[{"taxonomy":"product_brand","embeddable":true,"href":"https:\/\/oladeco.sn\/index.php\/wp-json\/wp\/v2\/product_brand?post=30444"},{"taxonomy":"product_cat","embeddable":true,"href":"https:\/\/oladeco.sn\/index.php\/wp-json\/wp\/v2\/product_cat?post=30444"},{"taxonomy":"product_tag","embeddable":true,"href":"https:\/\/oladeco.sn\/index.php\/wp-json\/wp\/v2\/product_tag?post=30444"}],"curies":[{"name":"wp","href":"https:\/\/api.w.org\/{rel}","templated":true}]}}