{"id":30425,"date":"2026-04-25T00:24:23","date_gmt":"2026-04-25T00:24:23","guid":{"rendered":"https:\/\/oladeco.sn\/index.php\/product\/bougie-bbworks-cannelle-pin-guimauve\/"},"modified":"2026-04-26T19:39:13","modified_gmt":"2026-04-26T19:39:13","slug":"bougie-bbworks-cannelle-pin-guimauve","status":"publish","type":"product","link":"https:\/\/oladeco.sn\/index.php\/product\/bougie-bbworks-cannelle-pin-guimauve\/","title":{"rendered":"Bougie B&amp;BWorks cannelle Pin Guimauve"},"content":{"rendered":"<p>Bougie Bath and body works<\/p>\n<p>Odeur : Cannelle Pin Guimauve<\/p>\n<p><span>Fabriqu\u00e9e \u00e0 partir d&rsquo;un m\u00e9lange de cires comprenant de la cire de soja, cette bougie parfum\u00e9e d\u00e9gage un parfum chaleureux et envo\u00fbtant de cannelle, de pin et de guimauve.<\/span><\/p>\n<p><span><\/span><\/p>\n<p><span>Plus 45 <\/span>heures<span> de <\/span>diffusion<span> de <\/span>parfum<span> <\/span><\/p>\n<p><span>3 <\/span>m\u00e8ches<span> de <\/span>qualit\u00e9<span> super sans <\/span>plomb<span> <\/span><\/p>\n","protected":false},"excerpt":{"rendered":"<p>Bougie Bath and body works Odeur : Cannelle Pin Guimauve Fabriqu\u00e9e \u00e0 partir d&rsquo;un m\u00e9lange de cires comprenant de la<\/p>\n","protected":false},"featured_media":30424,"template":"","meta":[],"product_brand":[],"product_cat":[109],"product_tag":[],"class_list":{"0":"post-30425","1":"product","2":"type-product","3":"status-publish","4":"has-post-thumbnail","6":"product_cat-senteurs","8":"first","9":"instock","10":"shipping-taxable","11":"purchasable","12":"product-type-simple"},"_links":{"self":[{"href":"https:\/\/oladeco.sn\/index.php\/wp-json\/wp\/v2\/product\/30425","targetHints":{"allow":["GET"]}}],"collection":[{"href":"https:\/\/oladeco.sn\/index.php\/wp-json\/wp\/v2\/product"}],"about":[{"href":"https:\/\/oladeco.sn\/index.php\/wp-json\/wp\/v2\/types\/product"}],"version-history":[{"count":1,"href":"https:\/\/oladeco.sn\/index.php\/wp-json\/wp\/v2\/product\/30425\/revisions"}],"predecessor-version":[{"id":30522,"href":"https:\/\/oladeco.sn\/index.php\/wp-json\/wp\/v2\/product\/30425\/revisions\/30522"}],"wp:featuredmedia":[{"embeddable":true,"href":"https:\/\/oladeco.sn\/index.php\/wp-json\/wp\/v2\/media\/30424"}],"wp:attachment":[{"href":"https:\/\/oladeco.sn\/index.php\/wp-json\/wp\/v2\/media?parent=30425"}],"wp:term":[{"taxonomy":"product_brand","embeddable":true,"href":"https:\/\/oladeco.sn\/index.php\/wp-json\/wp\/v2\/product_brand?post=30425"},{"taxonomy":"product_cat","embeddable":true,"href":"https:\/\/oladeco.sn\/index.php\/wp-json\/wp\/v2\/product_cat?post=30425"},{"taxonomy":"product_tag","embeddable":true,"href":"https:\/\/oladeco.sn\/index.php\/wp-json\/wp\/v2\/product_tag?post=30425"}],"curies":[{"name":"wp","href":"https:\/\/api.w.org\/{rel}","templated":true}]}}