{"id":29905,"date":"2026-04-19T02:48:47","date_gmt":"2026-04-19T02:48:47","guid":{"rendered":"https:\/\/oladeco.sn\/index.php\/product\/plat-en-porcelaine\/"},"modified":"2026-04-19T03:45:55","modified_gmt":"2026-04-19T03:45:55","slug":"plat-en-porcelaine","status":"publish","type":"product","link":"https:\/\/oladeco.sn\/index.php\/product\/plat-en-porcelaine\/","title":{"rendered":"Plat en porcelaine"},"content":{"rendered":"<p>Plat en porcelaine<span>, r\u00e9put\u00e9 pour sa solidit\u00e9, son imperm\u00e9abilit\u00e9 et son \u00e9l\u00e9gan<\/span><span>ce. Il r\u00e9siste aux chocs thermiques<\/span><span><span class=\"Apple-converted-space\">&nbsp;<\/span><\/span><\/p>\n<p>Mati\u00e8re: porcelaine<\/p>\n<p>Couleur :blanc cass\u00e9<\/p>\n","protected":false},"excerpt":{"rendered":"<p>Plat en porcelaine, r\u00e9put\u00e9 pour sa solidit\u00e9, son imperm\u00e9abilit\u00e9 et son \u00e9l\u00e9gance. Il r\u00e9siste aux chocs thermiques&nbsp; Mati\u00e8re: porcelaine Couleur<\/p>\n","protected":false},"featured_media":29904,"template":"","meta":[],"product_brand":[],"product_cat":[78],"product_tag":[],"class_list":{"0":"post-29905","1":"product","2":"type-product","3":"status-publish","4":"has-post-thumbnail","6":"product_cat-vaisselle","8":"first","9":"instock","10":"shipping-taxable","11":"purchasable","12":"product-type-simple"},"_links":{"self":[{"href":"https:\/\/oladeco.sn\/index.php\/wp-json\/wp\/v2\/product\/29905","targetHints":{"allow":["GET"]}}],"collection":[{"href":"https:\/\/oladeco.sn\/index.php\/wp-json\/wp\/v2\/product"}],"about":[{"href":"https:\/\/oladeco.sn\/index.php\/wp-json\/wp\/v2\/types\/product"}],"version-history":[{"count":1,"href":"https:\/\/oladeco.sn\/index.php\/wp-json\/wp\/v2\/product\/29905\/revisions"}],"predecessor-version":[{"id":29912,"href":"https:\/\/oladeco.sn\/index.php\/wp-json\/wp\/v2\/product\/29905\/revisions\/29912"}],"wp:featuredmedia":[{"embeddable":true,"href":"https:\/\/oladeco.sn\/index.php\/wp-json\/wp\/v2\/media\/29904"}],"wp:attachment":[{"href":"https:\/\/oladeco.sn\/index.php\/wp-json\/wp\/v2\/media?parent=29905"}],"wp:term":[{"taxonomy":"product_brand","embeddable":true,"href":"https:\/\/oladeco.sn\/index.php\/wp-json\/wp\/v2\/product_brand?post=29905"},{"taxonomy":"product_cat","embeddable":true,"href":"https:\/\/oladeco.sn\/index.php\/wp-json\/wp\/v2\/product_cat?post=29905"},{"taxonomy":"product_tag","embeddable":true,"href":"https:\/\/oladeco.sn\/index.php\/wp-json\/wp\/v2\/product_tag?post=29905"}],"curies":[{"name":"wp","href":"https:\/\/api.w.org\/{rel}","templated":true}]}}